2. What is the highest common divisor of p and 39?
39
Suppose 13299 = -25*d + 28*d. What is the greatest common divisor of 143 and d?
143
Let r = -18 - -21. Suppose 0 = c + c - 8. Let b be 1 - (c/2 - 2). Calculate the greatest common divisor of b and r.
1
Let j be (56 - 2/(-1))/(-34 + 35). What is the highest common divisor of 261 and j?
29
Suppose 0 = n - 5*n + 12, -3*g + n + 12 = 0. Calculate the greatest common factor of g and 20.
5
Suppose -281*o = -271*o - 25230. Calculate the highest common factor of o and 87.
87
Suppose f + 177 - 2132 = 0. What is the greatest common divisor of 85 and f?
85
Let p be (-870)/(-15) + -1 + 0. Let w = 73 - p. What is the greatest common factor of 32 and w?
16
Let z be ((-8)/5)/((-1)/5). Suppose -z*c - 13 = -77. Calculate the greatest common factor of 72 and c.
8
Let s be (-6)/15 - (306/(-15) - -4). Calculate the greatest common divisor of 3 and s.
1
Suppose -z - 3 + 7 = 0. Let y(k) be the third derivative of 5*k**4/6 + 2*k**3/3 + 3*k**2. Let m be y(z). What is the greatest common divisor of 12 and m?
12
Suppose 3*g = t - 139, -4*g - 4*t = 14 + 150. Let l be 1*g + -1 + 0. Let n = -4 - l. What is the greatest common factor of n and 14?
14
Let v(b) = -b**3 + 9*b**2 - 3*b + 92. Let h be v(9). What is the highest common factor of h and 585?
65
Suppose 2*r = r + 4. Suppose p + 48 = 4*v - 3*p, r*v + 4*p = 72. Calculate the greatest common factor of v and 6.
3
Let c(v) = v**3 + 7*v**2 + 5*v - 3. Let m = 27 + -31. Let q be c(m). What is the greatest common divisor of 25 and q?
25
Suppose 0 = -3*u + 37 + 23. Let k = 307 - u. Calculate the greatest common divisor of 41 and k.
41
Suppose k = b - 4 + 15, -2*k = -b - 17. Suppose 3*s + 138 = k*s. Let t = -33 + s. What is the highest common divisor of t and 26?
13
Suppose 44*r - 98 = -5*r. What is the highest common factor of r and 134?
2
Let s(y) = -7*y - 127. Let r be s(-20). What is the greatest common factor of 13 and r?
13
Let b = 75 + -35. Suppose 4*z - 1756 = 4*v, 7*z + 1315 = 10*z - 5*v. What is the highest common divisor of b and z?
40
Let z be (-3*1)/(6/(-168)). Suppose 42 = 2*w - z. Calculate the highest common factor of w and 7.
7
Let z be -36*(-2 + (-2)/(-6)). Suppose -2 = -i + 3, -2*b - 4*i + z = 0. Let h = -44 + 49. What is the highest common factor of b and h?
5
Let a(d) = -2*d + 11. Let i(c) = -c - 1. Let h(v) = -a(v) + i(v). Let s be h(16). Suppose q + 351 = s*q. What is the greatest common divisor of 13 and q?
13
Let k(w) = -w**3 + 47*w**2 + 99*w - 47. Let g be k(49). What is the greatest common factor of g and 318?
2
Let i(b) = 184*b - 57. Let m be i(4). Calculate the highest common divisor of 388 and m.
97
Suppose -4*k + 384 = 3*b - k, -b - 3*k = -136. Calculate the highest common factor of b and 4.
4
Suppose r = -4*r + 5*x - 2250, 0 = 5*r + 4*x + 2250. Let s be r/20*8/(-10). What is the greatest common divisor of s and 54?
18
Let s be (-4)/(-4)*-3 + 5. What is the greatest common divisor of s and 58?
2
Suppose 8*z - 38 = 34. Let j = 3 + z. Calculate the highest common divisor of 96 and j.
12
Let a = -152 + 160. What is the highest common factor of 296 and a?
8
Let i(s) = s**3 + 9*s**2 - 18*s - 12. Let n be i(5). Calculate the greatest common divisor of 8 and n.
8
Let y(b) = b**3 - 10*b**2 + 11*b - 12. Let g = 30 - 21. Let d be y(g). Suppose 0 = -d*q - 51 + 339. What is the greatest common factor of 6 and q?
6
Let p be (-4)/44*-2 - (-2628)/66. Calculate the greatest common factor of p and 1.
1
Let o(x) = 3 + x - 5 + 4 + 4. Let n be o(8). Suppose -1 - 1 = -f, 2*f - 60 = -2*p. Calculate the greatest common factor of p and n.
14
Let m = 68 - 57. Suppose 0 = -5*l - 5*d + 415, -5*d - 144 = -5*l + 321. Calculate the highest common divisor of l and m.
11
Let p(i) = i + 2. Let x be p(3). Let w(h) = -h**3 + 11*h**2 - 7*h - 10. Let z be w(10). Calculate the highest common divisor of x and z.
5
Let w be (-320876)/(-9700) - (-2)/(-25). Let k(y) = -y**3 + 2*y + 1. Let u be k(-3). Calculate the highest common factor of w and u.
11
Let c(y) = 12*y - 35. Let f be c(4). Calculate the highest common divisor of 377 and f.
13
Let o = -32 + 48. Let h be (1 - (-177)/(-9))/(6/(-36)). What is the highest common divisor of h and o?
16
Let j = 352 + -194. Suppose -j = -5*r + 4*w, -5*r + 10*r = 3*w + 156. Calculate the highest common divisor of r and 5.
5
Let r = 4 + 6. Suppose 2*p + 5*g = 19, 2*g - 21 = -5*p - 5. Suppose 0 = 5*o + 5*b, 8 = p*o - b - 7. Calculate the greatest common factor of o and r.
5
Let a(y) = 9*y + 1. Let i be a(1). Suppose u - 3*o - 67 = 0, -i*u - o + 51 = -9*u. What is the greatest common divisor of 5 and u?
5
Let i(o) = -o**2 + 6*o + 7. Suppose 2*x = -7 + 21. Let a be i(x). Suppose 2*q = 4*d + 70, 5*d = -a*q + q - 47. Calculate the greatest common factor of 18 and q.
9
Let o(l) = 2*l**3 + 11*l**2 - 5*l + 13. Let j be o(-6). Let n(y) = -y**2 + 12*y - 9. Let a be n(j). Calculate the highest common divisor of 65 and a.
13
Suppose 127 = 4*g + g - k, -60 = -2*g + 5*k. Let c be 3644/12 + 2/6. Suppose -79 = i - c. Calculate the greatest common divisor of i and g.
25
Let x be (-11 - -3185)/(-2 - -4) + -3. What is the greatest common factor of x and 99?
99
Let z(o) = -o + 5. Let p be z(-6). Let r(c) = c**2 + 5*c - 14. Let u be r(-9). Suppose u*s - 16*s = 396. Calculate the highest common divisor of p and s.
11
Let y(u) = -22*u - 77. Let v be y(-14). What is the highest common divisor of 22 and v?
11
Suppose 36*g + 37*g - 31*g = 420. Let v(f) = 15*f. Let o be v(2). Calculate the highest common factor of o and g.
10
Let y = -655 - -677. Calculate the greatest common divisor of 275 and y.
11
Suppose -14 = -2*b + c, 3*c = -3*b - 0*c + 30. Calculate the greatest common factor of 40 and b.
8
Suppose -4*h + 2*h = -32. Let r be 24/2*(116/h + -3). Calculate the greatest common factor of 34 and r.
17
Suppose -4*d + 1 = -v, v - 2*d - 14 = -3*d. Let i be (-30)/(-4) - v/22. Calculate the highest common factor of 189 and i.
7
Suppose 1113 = 6*d - 1335. Calculate the highest common divisor of d and 24.
24
Suppose 3*q = -5*w + 228, w - 7*q - 43 = -5*q. Let j be 17/2 - (-1)/2. What is the greatest common divisor of j and w?
9
Suppose -g + 18 = 1. Let d(q) be the first derivative of -9*q**2/2 - 82*q + 19. Let p be d(-11). What is the greatest common factor of g and p?
17
Suppose 2*g = -2*w + 4*g + 8, 0 = -4*g + 12. Let n(c) = -c**2 - 10*c + 12. Let v be n(-11). What is the greatest common divisor of v and w?
1
Let j = -2405 + 2435. What is the highest common divisor of 1515 and j?
15
Let j be (((-36)/(-3))/(-3))/(-2). Suppose -5*s - 2*r = -906, j*r + 308 = 4*s - 406. Let t be 1*-3*s/(-27). Calculate the greatest common factor of 60 and t.
20
Let c = -2059 + 2134. What is the highest common factor of c and 525?
75
Let d be (72/90)/(-2*(-3)/630). Calculate the highest common factor of d and 48.
12
Suppose -9*g = -0*g - 27. Suppose -g*o = 3*o - 108. What is the highest common divisor of 144 and o?
18
Let b be (-1250)/(-75) - 2/(-6). Calculate the greatest common factor of 272 and b.
17
Let d = 0 - -46. Let l be (-803)/(-7) - (-6)/21. Suppose -2*s + s = -l. What is the highest common divisor of s and d?
23
Suppose 0 = -y + 4 - 3. Let s be (1 - (y + -4))*1. What is the greatest common factor of 4 and s?
4
Let n = 67 + 10. What is the greatest common factor of n and 1771?
77
Suppose c = -0*y + y + 22, -c = -5*y - 26. Let g be (-7)/c + 91/3. Let d be 1/(-1) - -1 - -12. Calculate the highest common divisor of d and g.
6
Let o = -220 - -238. Suppose -28 = -2*c + 26. Calculate the greatest common divisor of c and o.
9
Let g be (4 - 5)*(-1)/(1/(-60)). Let k = g + 100. Suppose 25 = 5*r - 25. What is the highest common factor of r and k?
10
Let s(z) = -3*z + 3*z - z - 3. Let o be s(3). Let p(k) = 2*k**2 + 8*k + 4. Let i be p(o). Calculate the greatest common divisor of 42 and i.
14
Let g = 1 + -56. Let k = 130 + g. Calculate the highest common factor of k and 30.
15
Suppose -c + 5*q - 8 = q, -q = 2*c - 20. Let i = c + 16. Calculate the greatest common divisor of i and 48.
24
Let j be (-10)/(-3) - (-2)/(-6). Let b be -3 - -1 - -9 - j. Suppose 20 = -b*o + 5*o. What is the highest common divisor of o and 5?
5
Let w(r) = 3*r**3 + 13*r**2 - 3*r - 1. Let v be w(-3). What is the highest common di